
Is 4238083469 a prime number?
True
Is 273569041 a prime number?
False
Is 92805514 a prime number?
False
Is 312936089 prime?
True
Is 13878867182 prime?
False
Is 28852757137 composite?
True
Is 13378089643 composite?
True
Is 6753067939 composite?
False
Is 613497103 prime?
True
Is 110627096197 a prime number?
True
Is 5199858073 composite?
True
Is 101772029098 composite?
True
Is 469727789 a prime number?
True
Is 1681778093 a composite number?
True
Is 6065069459 a composite number?
False
Is 5110014199 a prime number?
True
Is 6924276979 a prime number?
True
Is 78314458763 a prime number?
True
Is 6438802519 a prime number?
True
Is 15119635903 composite?
False
Is 8862566855 composite?
True
Is 276248249 prime?
False
Is 298012121 prime?
False
Is 12133737971 prime?
True
Is 441244381 composite?
False
Is 9557983789 a prime number?
True
Is 1325924189 composite?
True
Is 4483214663 a composite number?
True
Is 942833429 a composite number?
False
Is 821578834 a composite number?
True
Is 11266125071 a prime number?
True
Is 13486289 composite?
False
Is 2157773939 a prime number?
False
Is 91839361 prime?
True
Is 842137102855 a composite number?
True
Is 1692012311 composite?
True
Is 6430439954 a prime number?
False
Is 34468097473 prime?
True
Is 12425247221 prime?
True
Is 3079765991 a prime number?
True
Is 7387347293 a composite number?
False
Is 11540526301 prime?
True
Is 7543586119 prime?
False
Is 3201215357 a composite number?
False
Is 30368449217 a composite number?
False
Is 49259322173 prime?
False
Is 41461857049 a prime number?
False
Is 305817773 a composite number?
False
Is 184830117961 prime?
False
Is 21953488411 prime?
False
Is 3774037513 a prime number?
True
Is 11366310407 composite?
True
Is 911610394 a composite number?
True
Is 2008452863 prime?
True
Is 5699583521 composite?
True
Is 47195635043 prime?
True
Is 3194418287 prime?
True
Is 18593747707 prime?
True
Is 63851435 a prime number?
False
Is 781369573 composite?
False
Is 878453761 composite?
True
Is 12758698627 prime?
True
Is 4804665421 a composite number?
False
Is 202252003565 composite?
True
Is 78475837159 a composite number?
True
Is 304887871 a prime number?
True
Is 20215996621 a prime number?
True
Is 226290941 a prime number?
False
Is 16702957339 prime?
False
Is 1037411561 prime?
False
Is 6435183277 a composite number?
True
Is 667679417 prime?
False
Is 94569439 a prime number?
True
Is 1370838607 a composite number?
True
Is 25401928927 a composite number?
False
Is 5992590701 a composite number?
False
Is 147658862119 composite?
False
Is 51205134511 prime?
True
Is 220865651 prime?
False
Is 13527277 a composite number?
True
Is 9354180541 prime?
False
Is 295226389 prime?
False
Is 14397564679 a prime number?
False
Is 2130652597 composite?
True
Is 9021348823 prime?
True
Is 11476348159 composite?
False
Is 301738091 a prime number?
True
Is 3322157654 prime?
False
Is 8280335597 composite?
False
Is 1099449419 composite?
False
Is 3773797831 a prime number?
True
Is 450031829717 a prime number?
True
Is 17543576317 prime?
True
Is 26408924719 a composite number?
False
Is 47999906517 a composite number?
True
Is 25199878009 prime?
True
Is 8604223997 prime?
False
Is 2731612229 a composite number?
True
Is 66466889813 composite?
True
Is 20942617567 a prime number?
False
Is 3375573961 prime?
True
Is 3789413837 a prime number?
False
Is 317401391 composite?
True
Is 1277818903 prime?
False
Is 12167801 prime?
False
Is 3539420221 composite?
True
Is 18427468313 prime?
True
Is 29712563 a composite number?
False
Is 1266231749 a prime number?
True
Is 95814265231 composite?
False
Is 6605616769 a prime number?
False
Is 150833544287 prime?
True
Is 41700382195 composite?
True
Is 11467926797 prime?
False
Is 1799489809 prime?
False
Is 7008959549 a prime number?
True
Is 22399381 prime?
True
Is 68012777111 prime?
True
Is 15272331323 a composite number?
True
Is 542607971 prime?
True
Is 300610567 a composite number?
True
Is 461018429 a composite number?
True
Is 34940792297 a prime number?
True
Is 8506767527 a composite number?
False
Is 3707744041 prime?
False
Is 4482958271 composite?
True
Is 5947714769 composite?
False
Is 436727779 composite?
False
Is 8894922853 a prime number?
False
Is 67058085799 a prime number?
True
Is 6756819169 a prime number?
True
Is 633744809 composite?
False
Is 7602238139 a prime number?
False
Is 4466287391 a prime number?
False
Is 6014945861 composite?
True
Is 76646802535 prime?
False
Is 418374934745 composite?
True
Is 511599083 composite?
False
Is 29625541097 composite?
False
Is 21334526237 prime?
True
Is 52084846063 a prime number?
False
Is 1824595223 a prime number?
False
Is 2900525497 composite?
True
Is 335334523 prime?
False
Is 51340909 a prime number?
True
Is 3202251655 prime?
False
Is 6362868319 prime?
False
Is 177742872305 a composite number?
True
Is 3774242543 prime?
True
Is 2387753273 composite?
False
Is 172687359727 composite?
False
Is 6309149807 prime?
False
Is 3758752841 composite?
False
Is 322383589 a composite number?
True
Is 107857553 prime?
False
Is 102396337 a prime number?
True
Is 10059237607 prime?
True
Is 22959967127 prime?
True
Is 297167820427 a prime number?
True
Is 165080551 prime?
True
Is 785557861 a composite number?
True
Is 639236537 prime?
False
Is 131753233 a composite number?
True
Is 4985840633 composite?
True
Is 43591173667 a composite number?
False
Is 558591357 a prime number?
False
Is 583748813 a composite number?
True
Is 113281918223 composite?
False
Is 55141164443 prime?
True
Is 13831504003 prime?
True
Is 2301707927 a composite number?
False
Is 8644999841 a composite number?
False
Is 160268093 prime?
False
Is 1202607051 a prime number?
False
Is 2013409757 a composite number?
True
Is 3077276129 a composite number?
True
Is 1227476234 a prime number?
False
Is 22961881153 composite?
False
Is 470566289 a composite number?
False
Is 15703682887 composite?
True
Is 1165807499 a prime number?
True
Is 12681252173 prime?
True
Is 10109784109 prime?
True
Is 1391872445 a prime number?
False
Is 931380011 composite?
False
Is 520113829 a prime number?
True
Is 2245029623 composite?
False
Is 276651443 prime?
False
Is 3806792531 prime?
False
Is 984057227 composite?
True
Is 92871187 a prime number?
False
Is 1261759291 a composite number?
True
Is 3828573259 a composite number?
True
Is 86027865031 a prime number?
False
Is 562903721 prime?
True
Is 82998556009 composite?
False
Is 20588098263 a composite number?
True
Is 340780013809 a composite number?
True
Is 626773907 prime?
False
Is 57752251549 prime?
True
Is 88278012227 a prime number?
False
Is 626150627 prime?
True
Is 1160964349 a composite number?
True
Is 66478709 a prime number?
False
Is 93696639713 a composite number?
True
Is 13743253519 a composite number?
True
Is 36941733331 a composite number?
True
Is 41154252661 prime?
False
Is 1691154061 a composite number?
True
Is 274739953 prime?
False
Is 379328618 a prime number?
False
Is 3578450563 prime?
False
Is 82323382237 a prime number?
True
Is 2995926119 prime?
False
Is 1930598689 a prime number?
True
Is 1099523959 a composite number?
True
Is 72424243393 prime?
True
Is 36754986857 prime?
False
Is 15002935391 composite?
False
Is 2260334833 a composite number?
False
Is 308675610961 prime?
True
Is 94822024987 a prime number?
True
Is 9122422531 prime?
True
Is 2169900347 a prime number?
False
Is 1466184319 prime?
True
Is 636148151 a prime number?
True
Is 1884290179 composite?
True
Is 79328426659 a prime number?
False
Is 282003179 a prime number?
True
Is 1260899522 a composite number?
True
Is 58573883 a composite number?
False
Is 86377266253 a composite number?
False
Is 3962668937 prime?
False
Is 2105621191 composite?
True
Is 3392544739 a composite number?
True
Is 849122033 a composite number?
True
Is 1549506407 a composite number?
False
Is 819762623 a composite number?
False
Is 1866754951 composite?
True
Is 8482767343 a prime number?
False
Is 1354542557 a composite number?
True
Is 1550751343 composite?
False
Is 18882519281 a composite number?
False
Is 3604161179 a prime number?
False
Is 9312090022 composite?
True
Is 16043163523 a composite number?
False
Is 875411569 a prime number?
True
Is 25158056243 composite?
True
Is 22963329163 a prime number?
True
Is 2211950057 prime?
False
Is 181243537 prime?
T